= -z*a + 98, -38 = -3*a - 5*j + 34. What is the highest common divisor of p and a?
19
Suppose -89 = -5*f + 46. Let c = f + -12. Suppose -79 = -5*v - d, -12*v = -31*v + 4*d + 269. What is the highest common divisor of v and c?
15
Suppose 7*g - 149 = 26. Suppose 1 + 12 = t - b, t + 2*b - g = 0. What is the greatest common divisor of t and 136?
17
Suppose 2*v - 340 = 11140. Suppose 13*y + v = 18*y. What is the highest common divisor of y and 14?
14
Suppose 40 = -0*y + 5*y. Suppose 1400 = 7*u - 2*u + 5*c, 4*u = -c + 1114. Let s = u + -166. What is the greatest common factor of y and s?
8
Suppose -6*j + 3*j = z - 6, -5*z = 5*j. Let y be (-22)/(-165) + (1168/15 - j). Calculate the greatest common factor of 750 and y.
75
Let c be (1276/(-10) + 0)/(-129 + 36651/285). Suppose 22 = 3*w - 11. What is the highest common divisor of c and w?
11
Let j(o) = 4*o**3 - 52*o**2 - 61*o + 24. Let w be j(15). Calculate the greatest common divisor of 404 and w.
101
Let t(m) = -364*m + 2020. Let d be t(0). What is the highest common factor of d and 10?
10
Suppose 96*y + 24932 = 124*y - 856. Calculate the highest common factor of y and 24.
3
Suppose -13*d + 5*d = -9*d + 8. What is the greatest common factor of 172 and d?
4
Let c be (-10)/15 + (-312)/(-9). Let r be (0 + -12)/((-334)/167). Calculate the highest common divisor of c and r.
2
Suppose 9*b + 4*l = 14*b - 751, b - 3*l = 159. What is the greatest common factor of b and 57?
3
Let u(j) = -6*j**3 + 2*j + 12. Let z be u(0). What is the highest common factor of z and 1068?
12
Let a(o) = o**3 + 14*o**2 + 15*o + 18. Let q be a(-12). Let u be (-4)/14 + 1800/q. What is the highest common divisor of 231 and u?
7
Suppose 26*f - 189 = 33*f. Let y be 12/54*-2 + (-2280)/f. Calculate the highest common divisor of y and 132.
12
Suppose 3*k = -98*t + 94*t + 70624, -t = 5*k - 17673. Calculate the greatest common factor of t and 139.
139
Suppose 7 = -5*k + 42. Suppose 3588 = 20*c - k*c. Calculate the greatest common factor of c and 24.
12
Let m = -34346 + 34396. What is the greatest common divisor of 32 and m?
2
Let y(a) = 3*a - 15 - 1 - 8 - 24. Let v be y(-10). Let z = 93 + v. Calculate the highest common factor of 5 and z.
5
Let b = 7506 + -7162. Let f be (-1 + 6/4)*156. Suppose -2*s + b = f. What is the greatest common divisor of 19 and s?
19
Let c = 35053 - 29788. Calculate the greatest common divisor of c and 1365.
195
Suppose -5*z + 1004 = 3*d, z + z + d - 402 = 0. What is the greatest common factor of z and 3838?
202
Suppose -9*v + 398 = -16 - 450. What is the highest common factor of v and 3000?
24
Let f(n) = 5*n**2 - 29*n + 21. Suppose -x = b + 2 - 4, 0 = 3*b + 12. Let d be f(x). What is the greatest common factor of 243 and d?
27
Let f(q) = 3*q + 21. Let w be f(-5). Suppose 2970 = 4*v + w*v. What is the highest common factor of 27 and v?
27
Let o be 8 - ((-1 - 2) + -129). Let a(i) = 4*i - 4. Let d be a(6). What is the highest common divisor of o and d?
20
Let j = -20480 + 20711. Calculate the highest common factor of j and 77.
77
Let c = 7611 - 837. What is the highest common factor of c and 3?
3
Suppose 10 = 5*t - 5. Suppose -d = -t*d + 48. Calculate the highest common divisor of 9 and d.
3
Suppose 124*p - 122*p + 8 = 0, -4*p = -y + 66. What is the highest common factor of y and 775?
25
Let y(g) = g**3 + 13*g**2 + 20*g - 16. Let m be y(-11). Suppose 102*d = h + 103*d - 591, -h + d = -597. What is the highest common factor of m and h?
6
Suppose -46405 + 135910 = 195*g. Calculate the highest common divisor of g and 136.
17
Let a(q) = 4*q**3 - 5*q**2 + q + 4. Let j be a(3). Let k = j + 61. Let s be -2 + (k - 6/(-2)). Calculate the greatest common factor of 44 and s.
44
Suppose 1 = b + n + 3, 0 = 4*n + 20. Let o = 171 - 103. Suppose 0 = -u - u - z + 22, 0 = -5*u + 4*z + o. Calculate the greatest common factor of u and b.
3
Let z be 3 + 24 + (1 - 0). Let i = -1140 + 1144. Calculate the greatest common factor of i and z.
4
Suppose 447*b - 230 = 332*b. Let a = 4 - 3. What is the highest common factor of a and b?
1
Let m = -243 + 321. What is the greatest common divisor of m and 5616?
78
Suppose 142*b - 290261 - 12199 = 0. Calculate the highest common factor of b and 20.
10
Let a(w) = 12*w - 563. Let i be a(58). Calculate the greatest common divisor of i and 152.
19
Suppose -3*u = -4*w + 676, -3*u - 1298 + 453 = -5*w. What is the highest common factor of w and 1846?
13
Let i(x) = -x**2 - 9*x + 6. Let w be i(-8). Suppose w = 5*y - 6. Suppose 206*m - 197*m - 27 = 0. What is the highest common divisor of y and m?
1
Suppose -66 = -2*q + 4*m, q = 7*m - 12*m + 26. Calculate the highest common divisor of 1 and q.
1
Let a(n) = -n**3 - 10*n**2 + 102*n + 122. Let l be a(7). Calculate the highest common divisor of 4737 and l.
3
Suppose -304 = -4*i + 42*i. Let v be 6 + (i - -7) - (-2)/(-1). Calculate the highest common factor of v and 21.
3
Suppose 0 = 49*a + 33*a - 11256 + 2072. Calculate the highest common factor of a and 108.
4
Let p = -4654 - -4672. What is the greatest common factor of p and 207?
9
Suppose -3*s = -2*s - 61. Suppose -2*t - 5*h = 2*t - s, -2*t + 29 = 3*h. Let m(d) = 146*d + 8087. Let k be m(-55). What is the highest common factor of k and t?
19
Suppose 2*z = -4*p + 58, 3*z - 25 = -4*p + 34. Suppose 35*n - 38*n = -12. Suppose -n = -6*t + 248. What is the greatest common factor of t and p?
14
Suppose l = 4*p - 22, 3*p + 3*l = 4 + 5. Suppose -2*s - p*b = 37, -40 = 7*s - 2*s + 2*b. Let y = s + 51. What is the highest common factor of y and 15?
15
Let p(y) = -14*y + 4. Suppose -a - 12 = 3*v, 0 = a - 4*v - 0*v - 23. Let c be p(a). Let x = c - -42. What is the highest common divisor of x and 12?
4
Let p(s) = 11*s**2 + 3*s - 2. Let i be p(2). Let k be (0 + -13 + 5)*3/(-8). Let o be (-4)/k*(-1836)/34. Calculate the greatest common divisor of i and o.
24
Let i be 58/14 - 40/(-700)*15. Calculate the greatest common factor of i and 415.
5
Suppose -2*l - 3*r - 4 = r, 5*r + 5 = 3*l. Suppose -k + 12 + 7 = l. Suppose 0 = -1604*h - 9314 + 39790. Calculate the greatest common divisor of h and k.
19
Let v be 706/14 + (0 - (-3)/(-7)). Let g = v + -29. Let s(j) = 45*j + 6. Let c be s(5). Calculate the greatest common divisor of g and c.
21
Suppose 2*n + 4*o = 5*o + 395, -5*n + 5*o = -990. Suppose -j - 4*q + 47 = 0, 5*j - 38 - n = 4*q. Calculate the greatest common divisor of j and 47.
47
Suppose 41*z - 153*z = 211*z - 1644716. Calculate the greatest common divisor of 201 and z.
67
Let h = -43 - -53. Let g = -6 - -10. What is the greatest common divisor of g and h?
2
Suppose -3*k = 3*g - 6, 3*k - 12 = -98*g + 94*g. What is the greatest common divisor of g and 2124?
6
Let u(j) = -2*j**3 - 8*j**2 + 2*j - 12. Let f be u(-6). Let t(o) = -o**3 - 18*o**2 + o + 34. Let r be t(-18). Calculate the highest common factor of r and f.
8
Let q = -79 - -128. Let o = q - 39. Let g(j) = 7*j - 25. Let p be g(o). What is the highest common factor of p and 15?
15
Let o be 2*12/(5 + -3). Let w(u) = 3 - u**3 - 2*u**2 + o*u + 2 + 2 - 4*u**2. Let y be w(-8). Calculate the highest common divisor of 390 and y.
39
Let a(x) = 8*x**2 - 11 - 5*x - 7*x**2 + 19. Let c be a(5). Suppose 310 + 266 = c*u. Calculate the greatest common divisor of u and 8.
8
Let v(g) = -g**2 + g + 1. Let f(t) = 255*t**2 + 7*t - 6. Let p(m) = f(m) - v(m). Let n be p(1). What is the greatest common divisor of 85 and n?
85
Let p be (-11 + 11)/(2/(-2)). Suppose p = -3*z - 19 + 214. Calculate the highest common divisor of 10 and z.
5
Let y(l) = l**2 + 27*l + 724. Let k be y(-30). What is the greatest common factor of 110 and k?
22
Let i = 5251 - 5098. What is the greatest common divisor of 81 and i?
9
Let b = 10569 + -10529. What is the highest common factor of b and 1670?
10
Suppose -24*k = -4*t - 25*k + 529, 4*t - 526 = 2*k. What is the greatest common divisor of 924 and t?
132
Let d be (8/(-6))/(4/(-42)). Suppose -2*o - 98*o + 184*o - 4014 = 18330. What is the highest common factor of d and o?
14
Suppose 7*u + 600 = 3386. Let i = 413 - u. Calculate the greatest common divisor of 630 and i.
15
Let i = 13 - 8. Let g(k) = -7*k**2 - 5 + 2*k + 13*k**2 - 4*k + 5*k. Let q be g(2). What is the highest common factor of q and i?
5
Let c(l) = 2 + 2*l + 21*l - 108 - 73 + 3. Let t be c(8). What is the hi